 the prime factors of (366/(-8))/(12/(-16)).
61
Let w(y) = -y**2 - 11*y - 6. Suppose 3*z + 6 = 2*z. List the prime factors of w(z).
2, 3
Let s = -146 - -304. List the prime factors of s.
2, 79
Suppose -1 = -2*m + 3. List the prime factors of (3/m + -1)*10.
5
Suppose 792 = 6*n + 5*n. List the prime factors of n.
2, 3
Let a be 4/(-8)*(-17 - 1). Let o = a + -11. What are the prime factors of ((-3)/1 - o)*-10?
2, 5
Let p = -26 - -61. What are the prime factors of p?
5, 7
Let n(g) = -g**3 + 11*g**2 - 3*g - 8. List the prime factors of n(10).
2, 31
Suppose -3*v + 2*p = 0, 15 = 5*v + 5*p - 10. Suppose 1 = -b + 5, k = v*b + 31. What are the prime factors of k?
3, 13
Let t = 12 - 9. What are the prime factors of t?
3
Let q be (-23)/(-5) + 4/10. Suppose -q*u + z = -0*z - 157, 4*z = 3*u - 84. Let t = u + -19. What are the prime factors of t?
13
Let g(h) = h**3 - 4*h**2 + 5*h - 2. Let l be g(3). Suppose 5*c = 4*o - 38, 4*o = l*c - 3*c + 30. What are the prime factors of o?
7
Let b(a) = -99*a - 1. List the prime factors of b(-2).
197
Let x(o) = 16*o**2 + 1. What are the prime factors of x(-1)?
17
Suppose 21 = 3*y + 2*t, -3*y + 27 = -0*y + 4*t. List the prime factors of (-108)/(-15) - 1/y.
7
Let n = 11 - 25. List the prime factors of 58 + 1 - n/(-14).
2, 29
Let i = -6 + 86. What are the prime factors of i?
2, 5
What are the prime factors of (120/25)/(9/30)?
2
Suppose -2*d = 5*g, 1 + 11 = 4*d + 4*g. Suppose -56 = -d*u + u + 4*h, 2*h = -4*u + 68. What are the prime factors of u?
2
Let g(k) = k**2 + 4*k. Let o be g(-4). Suppose o = 5*f - 55. List the prime factors of f.
11
Let s = 17 - 10. Let b(o) = o. What are the prime factors of b(s)?
7
Suppose x - 5*x - 2*b = 0, 2*x - 2*b - 12 = 0. What are the prime factors of x?
2
Let p(c) = 2*c - 2. Let z be p(2). Suppose -3*w = -9, -w - 21 = -4*h + z*h. What are the prime factors of h?
2, 3
Let w = -66 - -94. Suppose 0 = -3*m + c + w, -m + 3*m = 3*c + 14. List the prime factors of m.
2, 5
Let v(z) be the first derivative of 1/3*z**3 + 5*z - 1 - 9/2*z**2. What are the prime factors of v(9)?
5
Suppose x + 2*x = 4*j - 10, -j + 4*x = 4. Suppose 5*z - 2*y = -38 + 138, 0 = -5*z + j*y + 100. List the prime factors of z.
2, 5
Suppose -w = -6 + 1. Suppose w*n + 4*k = 75, 3*k = -k. What are the prime factors of n?
3, 5
Let h(f) = -4*f**3 + 2*f**2 + 15*f - 9. List the prime factors of h(-4).
3, 73
Suppose -2*k + 3*k + 2*n = 18, -k + n = -3. Let w = k + -13. Let t = w - -12. List the prime factors of t.
7
Let v = 178 + -81. What are the prime factors of v?
97
Let r = 253 + -125. What are the prime factors of r?
2
Let a(q) be the second derivative of 3/2*q**3 - 3*q + 6*q**2 + 0 - 1/12*q**4. What are the prime factors of a(9)?
2, 3
Let d(n) = -n**2 - 7*n. Let o be d(-7). Suppose o = -4*f + 12, -5*f = h - 6*h + 50. List the prime factors of h.
13
Let x = 0 - -1. Suppose 56 + 4 = 6*m. Suppose 4*h + m = b, -2*b + 2*h + 19 = -x. What are the prime factors of b?
2, 5
List the prime factors of (6 - -4) + -4 + 5.
11
Suppose 6*m + 380 = 16*m. List the prime factors of m.
2, 19
Suppose -38 + 8 = -3*v + 2*f, 3*v - 9 = -5*f. Let h(x) = x**2 - 9*x + 11. Let w be h(v). Let l = 8 - w. What are the prime factors of l?
5
Suppose d + 1330 = 5*t - d, 4*t = 3*d + 1064. What are the prime factors of t?
2, 7, 19
Let b(o) = o + 44. Suppose -4*c - 3*d = 3, c - 2*c - 4 = 4*d. List the prime factors of b(c).
2, 11
Let f be 2/7 - 1027/(-7). Suppose 6 = -3*k, 4*h + 4*k - f = -7. What are the prime factors of h?
37
Suppose -2*x - 3*x = -40. Suppose m = -m + x. Let h = 14 + m. List the prime factors of h.
2, 3
Suppose 3*k + c = -3*c + 21, -c - 12 = -5*k. Suppose -k = -s + 1. What are the prime factors of -1 + 6/4*s?
5
Let z = 12 - 8. Let h = z - -3. What are the prime factors of h?
7
Suppose 5*f + 20 = 0, -43 + 11 = -3*k + 2*f. Suppose 3*a + 1 = 4*z + 42, 31 = 2*a + z. Let v = a - k. List the prime factors of v.
7
Suppose -3*w + 152 = 3*g + 2*w, -3*g = 3*w - 156. What are the prime factors of g?
2, 3
Let o(w) = w**3 - 7*w**2 + 8*w + 3. What are the prime factors of o(6)?
3, 5
Let i(j) = 4*j + j - 9*j - j. What are the prime factors of i(-3)?
3, 5
Suppose -5*a + 430 + 25 = 0. What are the prime factors of a?
7, 13
Let q(r) = -2*r**2 + 17*r - 15. Let j(u) = u**2 - 9*u + 8. Let x(l) = 5*j(l) + 3*q(l). What are the prime factors of x(4)?
3
List the prime factors of ((-1)/(-2))/(8/1328).
83
Let y(u) = -u**3 - 2*u**2 - 7*u - 7. What are the prime factors of y(-3)?
23
Let y(w) = -w**3 + 5*w**2 - 4*w + 2. What are the prime factors of y(3)?
2
Suppose -5 = 3*v - 4*n, n = -v - 5 + 15. Suppose -3*h + 10 = 2*q, -13 = -3*q + h - v*h. List the prime factors of (12/16)/(q/(-16)).
2, 3
Let p(x) = -x**3 + 3*x**2 + 6*x - 1. Let s(t) = -t**2 - 4*t + 4. Let q be s(-4). Let v be p(q). List the prime factors of (v - 5)*(1 - 0).
2
Suppose f = -2*j - 33, 3*f + 4 = -j - 10. Let t = 31 + j. List the prime factors of t.
2, 7
Let u(o) = o**3 + 7*o**2 + 6*o + 6. Let c be u(-6). What are the prime factors of (-20)/c*1*-3?
2, 5
Let t be 1/((-3)/(-15)) + -1. Let a(g) = g**3 - 4*g**2 - 2. Let c be a(t). Let h = 10 - c. List the prime factors of h.
2, 3
Let h be (5/(-20))/((-2)/16). Suppose l = h + 18. What are the prime factors of l?
2, 5
Suppose 6 = -10*f + 66. List the prime factors of f.
2, 3
Suppose 36 = 2*s - 2*k + 3*k, -k - 64 = -3*s. What are the prime factors of s?
2, 5
Let g be 1 - (-2 + 0) - 11. What are the prime factors of 6/2 - (-4 + g)?
3, 5
Let w(q) = -q**3 + 5*q**2 - 4*q + 2. Let l be w(4). Suppose 3*k - 140 = -5*m, -46 = k - l*k - 2*m. What are the prime factors of k?
2, 5
Let f be ((-9)/6)/(12/(-32)). Suppose 2*g + 30 = f*t, -2*t - 3*g + 4 = -t. What are the prime factors of t?
7
Let u(n) be the first derivative of -n**4/4 + n**3/3 + n**2/2 - 2*n - 2. Let v be u(2). Let z(k) = -4*k - 5. List the prime factors of z(v).
11
Suppose -2*u + 9 = u. Let k = -7 - u. List the prime factors of (-116)/k - (-2)/5.
2, 3
Suppose 0 = t - 13 - 19. List the prime factors of t.
2
List the prime factors of (1/2)/((-5)/(-300)).
2, 3, 5
Suppose 0 = x + 4*d - 24, 0 = 5*d - 3*d - 10. Suppose 0 = q - x*q + 78. List the prime factors of q.
2, 13
What are the prime factors of 1*256 - 16/(-8)?
2, 3, 43
Let r = 4 + 1. Suppose 3*j - r = 1. What are the prime factors of j?
2
Suppose 0 = -w - 3*w - 4*m, 4*m = 2*w - 12. Suppose 5*p - 4*k - 21 = 0, 2*p + w*p + 5*k + 16 = 0. What are the prime factors of 3 - ((-3)/p)/3?
2
Let t be (8/(-5))/((-2)/(-10)). List the prime factors of 2/t + 180/16.
11
Let t(p) = p**3 + 2*p**2 - p. Let m be t(-2). What are the prime factors of m/(8/28) - 1?
2, 3
Suppose 5*d = -4*o + 142, 73 - 10 = 3*d - 5*o. What are the prime factors of d?
2, 13
Suppose -7 + 1 = 2*m. Let a(u) = u**2 - 4*u + 3. Let j be a(2). Let z = j - m. List the prime factors of z.
2
Suppose -46 = -q + 56. Suppose 4*x + 2*b - q = 0, -4*b - 8 = 3*x - 87. List the prime factors of x.
5
Let p be (0/(-12))/(1*2). Suppose p*u - 72 = -6*u. What are the prime factors of u?
2, 3
What are the prime factors of 0/(12/(-2)) + 333?
3, 37
Let k = -302 + 508. List the prime factors of k.
2, 103
Suppose -260 = -8*c + 3*c. What are the prime factors of c?
2, 13
Let x be -5 + 8 + (-552)/(-2). Suppose -2*h = 2, x = 5*r - 2*h + 57. List the prime factors of r.
2, 11
Suppose -c - s = -3*c + 200, 4*s + 305 = 3*c. What are the prime factors of c?
3, 11
Suppose 8 = 2*t + 2*t. Suppose 5*v = t*v + 39. What are the prime factors of v?
13
Let b = -22 - -35. What are the prime factors of b?
13
Suppose 3*y - 2*q - 12 = -0*y, -5*y = -2*q - 20. Suppose -2*k = -y*k + 10. Suppose 2*h - 1 - k = 0. What are the prime factors of h?
3
Let p be 4/12 + 160/6. Let i = -13 + p. What are the prime factors of i?
2, 7
Suppose 0 = -2*p + 4*q + 38, -34 = -5*p - 2*q + 25. What are the prime factors of p?
13
Suppose 7*z - 275 = -9. List the prime factors of z.
2, 19
Suppose 2*j + 2 = 0, 3*j + 442 = -5*a + 2304. List the prime factors of a.
373
Let f = 209 - 55. Suppose 0*s - s - 2*t + 28 = 0, -5*s = -4*t - f. List the prime factors of s.
2, 3, 5
Let w(x) = 17*x**3 - 2*x + 1. List the prime factors of w(1).
2
Let u = 522 + -321. List the prime factors of u.
3, 67
Let i = 176 + -126. Let u = i + -14. What are the prime factors of u?
2, 3
Let b(x) be the se